2*j**2 + 2*j - 1. Let k be s(c). Calculate the highest common divisor of 3 and k.
3
Suppose 2*w - 10 = 4*z, -z - 2 = 2*z + 4*w. Let k = 0 - z. Suppose k*q = q + 5. Calculate the highest common factor of q and 10.
5
Let a be -1 + 0 + 2/1. Suppose 2*n - 5*f + 18 - 3 = 0, 3 = -3*n + f. Let i(g) = -g**3 + g + 5. Let s be i(n). Calculate the greatest common factor of a and s.
1
Let x = 60 + 66. Let o = 0 + 14. Calculate the greatest common divisor of o and x.
14
Let o be ((-5)/(-10))/((-1)/(-80)). Suppose 0 = -2*c - 2*c + o. Suppose 7*z - 8*z = -2. What is the greatest common divisor of c and z?
2
Suppose 8 = 7*l - 2*l + y, 0 = 5*l + 5*y. Let n = 2 + -1. What is the greatest common divisor of n and l?
1
Suppose 3*r - 27 - 33 = 0. What is the highest common divisor of r and 4?
4
Let y = 15 + 2. Suppose q - 2*r = 3*r + 71, -2*r - 212 = -4*q. Calculate the greatest common factor of q and y.
17
Suppose -61 = -5*w + 74. Suppose 28 = 5*u - w. What is the greatest common divisor of 1 and u?
1
Let u(b) = -b**3 + 2*b + 33. Let x be u(0). Calculate the highest common factor of 11 and x.
11
Let h be 1 - (-3)/(2 + 1). Suppose -h*b + 2 = -2. Let t(f) = -f**3 + f**2 - 1. Let k be t(-1). What is the greatest common factor of b and k?
1
Let c(d) = -2*d + 38. Let i be c(16). What is the greatest common factor of i and 3?
3
Let j = 107 - 164. Let q = 97 + j. Calculate the highest common divisor of q and 5.
5
Suppose 3*y + 7 = 4*y. Calculate the greatest common divisor of 49 and y.
7
Let l = 182 - -43. Let w(z) = 7*z - 3. Let y be w(4). Calculate the highest common factor of y and l.
25
Let z be (-22 + -2)*(-3)/(-6). Let m = z + 10. Let r = m - -11. Calculate the highest common factor of r and 18.
9
Let r(i) = 9*i**2 - 2*i + 1. Let u be r(1). Let d = 39 - 23. What is the greatest common divisor of u and d?
8
Let c(i) be the first derivative of i**4/4 - 4*i**3/3 - i**2 - 3*i + 1. Let w be c(6). Let s = w + -25. Calculate the greatest common factor of s and 48.
16
Let o be 22/(-2 - 0/4). Let t(z) = -z - 2. Let s(m) = -m - 1. Let r(v) = 3*s(v) - 2*t(v). Let k be r(o). What is the greatest common factor of 108 and k?
12
Let g(l) = -2*l**3 - l**2 + l - 2. Suppose -2*c = -3*v - 2, c + 6 = -2*v - 0*c. Let z be g(v). Calculate the greatest common divisor of 8 and z.
8
Let u be (-2)/(-14) - 4820/(-70). What is the highest common divisor of u and 46?
23
Let h be (-4 + -8)/(2/(-9)). Suppose -m - 78 = -5*r + 2*m, -4*r + 3*m + 60 = 0. What is the greatest common factor of r and h?
18
Let b = 8 + -3. Suppose -18 - 22 = -b*t. Let o = 32 + 32. What is the highest common factor of o and t?
8
Suppose -6*q + 10 = -206. Let m = -4 - -4. Let c be (m + (-18)/3)/(-1). Calculate the greatest common divisor of c and q.
6
Suppose 6 + 2 = 2*g. Suppose f + g*f = 0. Suppose -72 = -4*o - f*o. What is the greatest common divisor of 12 and o?
6
Let o be 11/(-55) + (-121)/(-5). Calculate the highest common factor of 216 and o.
24
Let u be (-4)/(-14) + (-120)/(-21). Suppose o + 1 = 0, 0 = -i - u*o + 3*o + 5. Let r be -1 + (9 - 0/1). What is the greatest common factor of i and r?
8
Let l be ((-3)/9)/((-5)/15). What is the greatest common divisor of 7 and l?
1
Let m be 2/7 + (-108)/(-14). Suppose -2*k - 15 = u - 0, -87 = 4*u - k. Let h be (36/u)/((-2)/14). Calculate the greatest common factor of m and h.
4
Suppose -11*g = -3*g - 768. What is the greatest common factor of 12 and g?
12
Let j be ((-4)/(-6))/(2/12). Suppose 4*i + w - 375 - 69 = 0, 2*w + 456 = j*i. Suppose 15 + 41 = 4*m. What is the highest common factor of m and i?
14
Let h(n) = -n. Let v be h(-8). Let d = 13 - v. Suppose 0*w - w = -d. Calculate the highest common factor of w and 20.
5
Let n be (-54)/(-2) - (2 + -5). What is the greatest common factor of 10 and n?
10
Let f = -23 + 48. Calculate the greatest common divisor of f and 25.
25
Suppose -8*i - 447 = -5*x - 11*i, 5*x = 5*i + 455. What is the greatest common divisor of 36 and x?
18
Suppose -89 = -4*j - 29. Let r = -54 - -84. What is the greatest common factor of r and j?
15
Suppose 2*m = -2*m + 48. Suppose 4*p - 28 = -2*q, 0*p + p = -2*q + 25. What is the greatest common factor of q and m?
12
Let z(x) = 3*x**2 + 3*x - 3. Let k be z(-2). What is the greatest common factor of k and 6?
3
Let i = -7 - -12. Let g be (-3 + 2 - -2)*i. Let k be (-62)/(-8) + g/20. What is the greatest common divisor of k and 12?
4
Let j(v) = v**2 + 5*v - 13. Let k be j(-7). What is the greatest common factor of 1 and k?
1
Suppose -q = -3*q + 30. Suppose 0*g = -3*g + 360. Calculate the highest common factor of q and g.
15
Suppose -5*p - f + 49 = -2*f, -3*f - 3 = p. Suppose 5*u - u - 4*s - 52 = 0, 2*u - 2 = -4*s. Calculate the greatest common factor of p and u.
9
Let o be (-3)/5 + (-498)/(-30). What is the highest common divisor of 24 and o?
8
Let p(a) = -26*a**3 + 3*a**2 - a - 3. Let k be p(-1). Let f(b) = b**3 + b**2 - 3*b. Let n be f(5). What is the greatest common factor of n and k?
27
Let b be (-25 + -2)/(-3 - -2). Calculate the highest common divisor of b and 18.
9
Let g be 10/(-3)*108/(-10). Suppose 4*k + 52 = 16. Let t be (0 - -2)*k/(-2). What is the greatest common factor of t and g?
9
Let z be (-1)/4 - 326/8. Let a = z + 113. What is the highest common factor of a and 9?
9
Suppose -2*d + 42 = -24. Calculate the highest common divisor of d and 22.
11
Let j be 2/2 + -1 + 4. Suppose 4 = 2*m + 2, z - j*m - 95 = 0. Calculate the greatest common factor of 11 and z.
11
Let m(x) = -x**3 - 5*x**2 + 4*x - 3. Let u be m(-6). Suppose y + 4*g = 85, 4*g - 528 + 119 = -5*y. What is the highest common divisor of y and u?
9
Let z = 91 - 89. What is the highest common factor of 16 and z?
2
Let v be (-316)/28 + 4/14. Let u = v + 16. Calculate the highest common factor of 10 and u.
5
Suppose 0 = s + 410 - 464. Let o(p) = -p**2 + 11*p - 1. Let m be o(7). What is the highest common divisor of m and s?
27
Let l(k) = 17*k + 1. Let q be l(1). Let c be 2012/14 + (-2)/(-7). What is the greatest common factor of q and c?
18
Let a be 216/3*(-2)/(-3). Suppose 0 = g - 4*i - 20, 5*g - i - 58 = -2*i. Calculate the greatest common factor of g and a.
12
Suppose -2*d = 6, 4*t + 2*d - 4*d = 10. What is the highest common divisor of 2 and t?
1
Let y = 118 + -53. Calculate the greatest common divisor of y and 13.
13
Let f = -5 - -49. Let t be 6/((-870)/110 + 8). Calculate the highest common divisor of f and t.
22
Let d = -11 + 16. Let v be (-14)/(-8) + 9/(-12). Let w = v - -4. What is the greatest common divisor of d and w?
5
Suppose 4*y = -0*y - 12. Let a be 2 + 9*(-10)/y. Let l be (1 + -3 - 0) + 6. Calculate the highest common factor of l and a.
4
Let w = 13 + 9. Let k be 1 - (-3 - (-4 + 3)). Let t be 97/k + (-6)/(-9). Calculate the greatest common factor of w and t.
11
Let j(w) = 0*w + 12*w**2 + 0*w - 9*w**2 + 5*w - 1. Let b be j(5). Calculate the greatest common factor of 9 and b.
9
Let g be (-298)/(-4) + (-3)/(-2). Let n be (-1)/2 + g/8. What is the highest common factor of n and 6?
3
Let t(i) = -i**2 - i + 1. Let u be t(0). Suppose 12 = 4*x - 4*c, 5*x + 5*c = -0*x + 65. What is the greatest common divisor of u and x?
1
Let a = -46 - -56. What is the greatest common factor of a and 5?
5
Suppose -a - 2*a - 8 = 2*d, -2*d - 12 = 4*a. Let y be ((-12)/(-10))/(a/(-10)). Suppose 8 = -y*h + 44. Calculate the highest common factor of 132 and h.
12
Let z(a) = -a + 3. Let d be z(-7). What is the greatest common divisor of d and 10?
10
Let k be (-522)/(-8) + 5/(-20). Calculate the greatest common divisor of 13 and k.
13
Suppose 0 = r + 6 - 2, 3*w = -5*r + 16. Calculate the greatest common divisor of 60 and w.
12
Let i(o) = o**2 + 3*o + 9. Let m be i(4). What is the highest common divisor of 333 and m?
37
Let j(q) = -q**3 + 7*q**2 - 3*q + 9. Let n be j(6). Calculate the highest common factor of 108 and n.
27
Let o = 27 + -18. Let u(w) = w**3 + 9*w**2 - 8*w + 9. Let v be u(-9). Calculate the greatest common factor of v and o.
9
Let k be (-2)/(-8)*4*-7. Let c(m) = 2*m**2 - 10*m - 3. Let l be c(k). Calculate the greatest common divisor of 66 and l.
33
Let h = 5 - -14. Let g(o) = 76*o**3 - o**2 + 2*o - 1. Let l be g(1). Calculate the highest common divisor of l and h.
19
Let p be (1 - 6/(-3))/1. Suppose -4*v = -5*s - 225, 0*v - p*v + 4*s = -170.